{"id":4060,"date":"2024-01-01T14:37:00","date_gmt":"2024-01-01T13:37:00","guid":{"rendered":"https:\/\/www.isrec.ch\/?page_id=4060"},"modified":"2023-12-12T16:58:55","modified_gmt":"2023-12-12T15:58:55","slug":"une-approche-de-medecine-systemique-pour-aborder-les-problemes-lies-au-diagnostic-precoce-et-a-la-stratification-pronostique-du-mycosis-fongoide","status":"publish","type":"page","link":"https:\/\/www.isrec.ch\/de\/une-approche-de-medecine-systemique-pour-aborder-les-problemes-lies-au-diagnostic-precoce-et-a-la-stratification-pronostique-du-mycosis-fongoide\/","title":{"rendered":"Une approche de m\u00e9decine syst\u00e9mique pour aborder les probl\u00e8mes li\u00e9s au diagnostic pr\u00e9coce et \u00e0 la stratification pronostique du mycosis fongo\u00efde"},"content":{"rendered":"\n<h2 class=\"wp-block-heading\">Prof. Emmanuella Guenova<\/h2>\n\n\n\n<p>Le d\u00e9pistage pr\u00e9coce et un diagnostic pr\u00e9cis sont des strat\u00e9gies cl\u00e9s dans la lutte contre la mortalit\u00e9 due au cancer. Particuli\u00e8rement au stade pr\u00e9coce, le mycosis fongo\u00efde (MF), \u00e0 savoir le lymphome cutan\u00e9 \u00e0 cellules T le plus r\u00e9pandu, pr\u00e9sente des similitudes morphologiques frappantes avec certaines affections cutan\u00e9es inflammatoires b\u00e9nignes. Il en r\u00e9sulte deux probl\u00e8mes importants&nbsp;: un diagnostic tardif et un pronostic incertain.<\/p>\n\n\n\n<p>Nous proposons donc un vaste effort interdisciplinaire combinant la bioinformatique, la recherche biologique et la m\u00e9decine pour aborder les difficult\u00e9s li\u00e9es au diagnostic pr\u00e9coce et \u00e0 la stratification pronostique de tumeurs telles que le MF. Cette initiative de recherche indo-suisse nous offre la possibilit\u00e9 exceptionnelle de comparer le MF classique et la forme hypopigment\u00e9e, une variante distincte rare dont le pronostic est tr\u00e8s diff\u00e9rent de celui de la maladie classique. Nous postulons que l\u2019immunit\u00e9 de type 2 joue un r\u00f4le cl\u00e9 dans la progression du MF.\u00a0<\/p>\n\n\n\n<p>Nous pensons en outre que la variante hypopigment\u00e9e du MF, qui existe \u00e0 l&#8217;\u00e9tat naturel et pr\u00e9sente un bon pronostic et une forte immunit\u00e9 de type 1, peut servir de comparateur appropri\u00e9 pour le ph\u00e9notype classique du MF. Nous esp\u00e9rons ainsi \u00e9lucider la complexit\u00e9 de la maladie, identifier les r\u00e9gulateurs immunitaires n\u00e9gatifs et d\u00e9finir des param\u00e8tres pour une meilleure classification et stratification des patients atteints du MF.\u00a0<\/p>\n","protected":false},"excerpt":{"rendered":"<p>Prof. Emmanuella Guenova Le d\u00e9pistage pr\u00e9coce et un diagnostic pr\u00e9cis sont des strat\u00e9gies cl\u00e9s dans la lutte contre la mortalit\u00e9 due au cancer. Particuli\u00e8rement au stade pr\u00e9coce, le mycosis fongo\u00efde (MF), \u00e0 savoir le lymphome cutan\u00e9 \u00e0 cellules T le plus r\u00e9pandu, pr\u00e9sente des similitudes morphologiques frappantes avec certaines affections cutan\u00e9es inflammatoires b\u00e9nignes. Il en [&hellip;]<\/p>\n","protected":false},"author":11,"featured_media":0,"parent":0,"menu_order":0,"comment_status":"closed","ping_status":"closed","template":"","meta":{"_acf_changed":false,"footnotes":""},"class_list":["post-4060","page","type-page","status-publish","hentry"],"acf":[],"aioseo_notices":[],"_links":{"self":[{"href":"https:\/\/www.isrec.ch\/de\/wp-json\/wp\/v2\/pages\/4060","targetHints":{"allow":["GET"]}}],"collection":[{"href":"https:\/\/www.isrec.ch\/de\/wp-json\/wp\/v2\/pages"}],"about":[{"href":"https:\/\/www.isrec.ch\/de\/wp-json\/wp\/v2\/types\/page"}],"author":[{"embeddable":true,"href":"https:\/\/www.isrec.ch\/de\/wp-json\/wp\/v2\/users\/11"}],"replies":[{"embeddable":true,"href":"https:\/\/www.isrec.ch\/de\/wp-json\/wp\/v2\/comments?post=4060"}],"version-history":[{"count":1,"href":"https:\/\/www.isrec.ch\/de\/wp-json\/wp\/v2\/pages\/4060\/revisions"}],"predecessor-version":[{"id":4061,"href":"https:\/\/www.isrec.ch\/de\/wp-json\/wp\/v2\/pages\/4060\/revisions\/4061"}],"wp:attachment":[{"href":"https:\/\/www.isrec.ch\/de\/wp-json\/wp\/v2\/media?parent=4060"}],"curies":[{"name":"wp","href":"https:\/\/api.w.org\/{rel}","templated":true}]}}

Une approche de médecine systémique pour aborder les problèmes liés au diagnostic précoce et à la stratification pronostique du mycosis fongoïde

<h2 class="wp-block-heading">Prof. Emmanuella Guenova</h2>



<p>Le dépistage précoce et un diagnostic précis sont des stratégies clés dans la lutte contre la mortalité due au cancer. Particulièrement au stade précoce, le mycosis fongoïde (MF), à savoir le lymphome cutané à cellules T le plus répandu, présente des similitudes morphologiques frappantes avec certaines affections cutanées inflammatoires bénignes. Il en résulte deux problèmes importants&nbsp;: un diagnostic tardif et un pronostic incertain.</p>



<p>Nous proposons donc un vaste effort interdisciplinaire combinant la bioinformatique, la recherche biologique et la médecine pour aborder les difficultés liées au diagnostic précoce et à la stratification pronostique de tumeurs telles que le MF. Cette initiative de recherche indo-suisse nous offre la possibilité exceptionnelle de comparer le MF classique et la forme hypopigmentée, une variante distincte rare dont le pronostic est très différent de celui de la maladie classique. Nous postulons que l’immunité de type 2 joue un rôle clé dans la progression du MF. </p>



<p>Nous pensons en outre que la variante hypopigmentée du MF, qui existe à l&#8217;état naturel et présente un bon pronostic et une forte immunité de type 1, peut servir de comparateur approprié pour le phénotype classique du MF. Nous espérons ainsi élucider la complexité de la maladie, identifier les régulateurs immunitaires négatifs et définir des paramètres pour une meilleure classification et stratification des patients atteints du MF. </p>

<p>Prof. Emmanuella Guenova Le dépistage précoce et un diagnostic précis sont des stratégies clés dans la lutte contre la mortalité due au cancer. Particulièrement au stade précoce, le mycosis fongoïde (MF), à savoir le lymphome cutané à cellules T le plus répandu, présente des similitudes morphologiques frappantes avec certaines affections cutanées inflammatoires bénignes. Il en [&hellip;]</p>
